757?
292
Calculate the remainder when 54974 is divided by 26785.
1404
What is the remainder when 1469496 is divided by 33?
6
What is the remainder when 54425510 is divided by 2160?
2150
What is the remainder when 1484013 is divided by 1483812?
201
Calculate the remainder when 49331492 is divided by 2433.
2417
What is the remainder when 31549175 is divided by 553494?
17
Calculate the remainder when 37862 is divided by 7354.
1092
Calculate the remainder when 555100 is divided by 277544.
12
What is the remainder when 59151 is divided by 279?
3
Calculate the remainder when 661806 is divided by 979.
2
Calculate the remainder when 3286074 is divided by 14.
8
What is the remainder when 2257627 is divided by 809?
517
What is the remainder when 7924535 is divided by 1320754?
11
What is the remainder when 12575 is divided by 2476?
195
Calculate the remainder when 54955 is divided by 1858.
1073
Calculate the remainder when 100065 is divided by 12227.
2249
What is the remainder when 90867882 is divided by 697?
689
What is the remainder when 676932 is divided by 796?
332
Calculate the remainder when 2819601 is divided by 100698.
57
What is the remainder when 2262664 is divided by 66?
52
What is the remainder when 1503018 is divided by 1234?
6
What is the remainder when 5136262 is divided by 602?
600
Calculate the remainder when 1865987 is divided by 932988.
11
Calculate the remainder when 93867 is divided by 18743.
152
What is the remainder when 366440 is divided by 243?
239
What is the remainder when 856607 is divided by 1379?
248
What is the remainder when 372325 is divided by 73789?
3380
Calculate the remainder when 4478206 is divided by 1666.
1664
Calculate the remainder when 635897 is divided by 92.
85
What is the remainder when 646414 is divided by 2422?
2162
Calculate the remainder when 2660516 is divided by 1330243.
30
Calculate the remainder when 3245685 is divided by 129826.
35
What is the remainder when 190911787 is divided by 5?
2
What is the remainder when 4492140 is divided by 17?
9
Calculate the remainder when 5206267 is divided by 2397.
2380
Calculate the remainder when 335132 is divided by 763.
175
Calculate the remainder when 13379274 is divided by 3157.
3065
Calculate the remainder when 187370 is divided by 158.
140
Calculate the remainder when 23368397 is divided by 904.
901
Calculate the remainder when 52802 is divided by 822.
194
What is the remainder when 9097899 is divided by 117?
96
What is the remainder when 495073 is divided by 4?
1
Calculate the remainder when 914824 is divided by 1121.
88
What is the remainder when 54622 is divided by 2275?
22
Calculate the remainder when 7299297 is divided by 1834.
1811
What is the remainder when 2229533 is divided by 186?
137
What is the remainder when 1720714 is divided by 4912?
1514
Calculate the remainder when 843933 is divided by 32458.
25
What is the remainder when 18081636 is divided by 86103?
6
What is the remainder when 4320947 is divided by 864188?
7
What is the remainder when 1455643 is divided by 6743?
5898
Calculate the remainder when 9228040 is divided by 19.
6
What is the remainder when 134429 is divided by 41052?
11273
Calculate the remainder when 65039525 is divided by 164657.
10
Calculate the remainder when 6866 is divided by 1211.
811
Calculate the remainder when 616027580 is divided by 211.
209
Calculate the remainder when 2255016 is divided by 1876.
64
What is the remainder when 5286377 is divided by 310960?
57
Calculate the remainder when 743500 is divided by 2950.
100
What is the remainder when 5330435 is divided by 1169?
964
Calculate the remainder when 1446343269 is divided by 8234.
8233
What is the remainder when 19737355 is divided by 3555?
3550
Calculate the remainder when 5656280 is divided by 45615.
20
What is the remainder when 12941349 is divided by 81?
60
Calculate the remainder when 70763 is divided by 34484.
1795
What is the remainder when 1888 is divided by 516?
340
Calculate the remainder when 90523 is divided by 87501.
3022
Calculate the remainder when 254347 is divided by 125046.
4255
What is the remainder when 139239 is divided by 1600?
39
What is the remainder when 47228 is divided by 15724?
56
What is the remainder when 41238596 is divided by 884?
880
Calculate the remainder when 782329 is divided by 16331.
14772
What is the remainder when 321240811 is divided by 24?
19
What is the remainder when 6719907 is divided by 63?
12
Calculate the remainder when 7224349 is divided by 72.
13
What is the remainder when 9915963 is divided by 18?
15
Calculate the remainder when 404847 is divided by 40476.
87
What is the remainder when 16748738 is divided by 129?
23
Calculate the remainder when 116614 is divided by 192.
70
Calculate the remainder when 97953 is divided by 395.
388
What is the remainder when 215895 is divided by 1755?
30
Calculate the remainder when 1857547 is divided by 284.
187
What is the remainder when 1674216 is divided by 393?
36
What is the remainder when 349069 is divided by 24918?
217
What is the remainder when 119005 is divided by 118887?
118
What is the remainder when 216546 is divided by 30799?
953
What is the remainder when 1594776 is divided by 327?
324
What is the remainder when 20869 is divided by 20340?
529
Calculate the remainder when 21218051 is divided by 2923.
2917
What is the remainder when 118757 is divided by 455?
2
What is the remainder when 79736378 is divided by 3726?
3704
What is the remainder when 991263 is divided by 5417?
5369
What is the remainder when 103245 is divided by 102843?
402
What is the remainder when 2795870 is divided by 12371?
24
Calculate the remainder when 210146 is divided by 247.
196
Calculate the remainder when 10267948 is divided by 825.
823
What is the remainder when 369431819 is divided by 285?
284
What is the remainder when 6562319 is divided by 841?
837
Calculate the remainder when 524585753 is divided by 2633.
2631
Calculate the remainder when 18790428 is divided by 87.
81
What is the remainder when 1123046 is divided by 331?
294
Calculate the remainder when 76373433 is divided by 13234.
19
Calculate the remainder when 1281153 is divided by 427000.
153
Calculate the remainder when 1266581 is divided by 2033.
22
Calculate the remainder when 1565044 is divided by 565.
559
What is the remainder when 11120 is divided by 743?
718
What is the remainder when 66352 is divided by 234?
130
Calculate the remainder when 442000 is divided by 36.
28
Calculate the remainder when 152202 is divided by 76092.
18
What is the remainder when 33361 is divided by 107?
84
Calculate the remainder when 14597282 is divided by 51.
11
What is the remainder when 1282969 is divided by 1282726?
243
What is the remainder when 887690 is divided by 635?
595
Calculate the remainder when 14231100 is divided by 615.
0
What is the remainder when 83917 is divided by 27181?
2374
What is the remainder when 7536209 is divided by 3768071?
67
What is the remainder when 32613 is divided by 2272?
805
What is the remainder when 145184292 is divided by 15?
12
Calculate the remainder when 249283883 is divided by 659.
658
Calculate the remainder when 71764 is divided by 1625.
264
What is the remainder when 66304 is divided by 634?
368
What is the remainder when 627230 is divided by 1346?
1340
What is the remainder when 74176517 is divided by 1282?
1279
What is the remainder when 5750061 is divided by 802?
523
Calculate the remainder when 3637547 is divided by 400.
347
What is the remainder when 372521 is divided by 28648?
97
What is the remainder when 1774782 is divided by 1579?
1565
What is the remainder when 173942 is divided by 4251?
3902
Calculate the remainder when 2578476 is divided by 2578379.
97
What is the remainder when 453593929 is divided by 147?
145
Calculate the remainder when 120964 is divided by 6.
4
Calculate the remainder when 18763639 is divided by 7.
6
Calculate the remainder when 67840 is divided by 8.
0
What is the remainder when 390750 is divided by 195081?
588
What is the remainder when 97668 is divided by 48153?
1362
Calculate the remainder when 283974 is divided by 284.
258
Calculate the remainder when 2155430 is divided by 1393.
459
Calculate the remainder when 28591427 is divided by 6764.
6763
What is the remainde